 - 18) + 14 + -4 + -7?
4
What is -1 + 1 - (-4 - (-17 + 5 + 2))?
-6
What is the value of -30 + (17 - 2 - (13 - -2))?
-30
What is the value of -3 + (-23 + 6 - -5 - (-2 + -2))?
-11
What is 10 + -2 + -28 - -14?
-6
What is (-8 + 7 - -14 - 2) + (0 - 2)?
9
3 - 9 - (13 + -3 - 16) - -2
2
What is the value of -1 + -9 + (-17 - (11 - 19)) + 9?
-10
What is -10 + 4 + 9 + -10 - -17?
10
Calculate -5 + 2 + -2 - 2 - (2 + -8).
-1
What is (71 + -74 + 0 + -1 - -3) + -4?
-5
Calculate (-8 - -6 - -18) + 4.
20
Calculate -5 - -35 - 0 - (8 - 11 - 2).
35
Evaluate 10 - -16 - (14 - 0).
12
Evaluate 25 + -31 + -32 + 44.
6
Evaluate 8 - (17 - 4) - 9.
-14
What is 2 + 3 + (-7 - (-5 + -8))?
11
Calculate -17 + (21 - (10 + -19)).
13
Calculate -7 - (-3 - (2 + -3)) - (48 + -43).
-10
(416 - 415) + (-1 - 19)
-19
What is 7 + 1 + -5 + -1 + -6 + -12?
-16
What is -6 + 6 - -8 - (14 - -6) - -8?
-4
What is the value of (-4 - -6) + 5 + -2 - (-4 - -33)?
-24
What is 0 - -2 - (2 - 4 - 8) - 2?
10
Evaluate 36 + 6 + -35 + 46 + (-21 - 2).
30
What is the value of (-7 + 2 - (0 + -9 - -12)) + 23?
15
Evaluate 25 - 3 - (17 + -4).
9
Evaluate (12 - (26 + 3)) + 18.
1
Calculate 2 - -8 - (-11 + -2 + 15).
8
What is 5 + (0 - -5) + 31 + -45 + 9?
5
Calculate -19 + -2 - (-44 - -28).
-5
12 - (-1 + (18 - 12)) - -2
9
What is the value of -457 + 447 + (3 - -31) + (-2 - 1)?
21
What is (-19 - 11) + 54 + -28?
-4
What is -16 - -9 - -25 - (1 + 6 + -2)?
13
-8 - ((-41 - -27) + 2 + 3)
1
Evaluate (12 - (-13 - -9)) + (-9 - -13).
20
What is (-43 - -76 - 37) + (-1 - (0 - -3))?
-8
What is 17 + (14 - 18) + 8?
21
20 - (12 + -5 - -2) - 0
11
Evaluate (-5 - (-6 + 1)) + -3 + 1 + 14.
12
What is 2 + 1 + 2 - (8 + 5 + -10)?
2
Calculate -10 - (-24 + 10 - -16).
-12
Calculate (-2 - 6 - -10) + -9.
-7
What is 21 - ((-12 - 4) + 11)?
26
Calculate 8 - 23 - (3 - (5 + -5 - -5)).
-13
What is the value of -16 + (-1 - 5) + 9?
-13
(-38 + 5 - -2) + 1 + 7 + 8
-15
Evaluate 17 + (-10 - 7) - (1 - 27).
26
-285 + 290 + (-26 - (3 + -2 + -1))
-21
2 + -4 + 2 - -4 - (-143 - -162)
-15
35 + -19 + 27 + -19 - 0
24
What is -6 - (-26 + -1 + 12)?
9
What is -10 + (-12 + -8 - (6 - (2 - -9)))?
-25
7 + (-1 - -1) - (25 - (33 + -36))
-21
What is 7 - ((21 - 14) + 10)?
-10
What is (3 - 16) + -34 + 49?
2
What is 426 + -433 + (22 + 1 - 1)?
15
What is the value of 27 + (1 - 16) + 3?
15
What is the value of 2 + -20 - (7 - -6 - 12 - 0)?
-19
What is the value of 0 - (-12 + (33 - 17))?
-4
What is -10 + (28 + 1 - 42) + 0 + 5?
-18
Calculate -6 - (11 + (-28 - -10) - 10).
11
What is -20 + -11 + (5 - -17)?
-9
8 + -7 - (59 + -44)
-14
Calculate (3 - 14) + 20 - 20.
-11
What is the value of -7 + (-14 - (11 - (-2 - -5) - 13))?
-16
Calculate 17 + -23 - (-4 - (-7 + -7)).
-16
-81 + 84 + (-3 - -6) + -9
-3
Calculate -33 - (6 + -6 + -20).
-13
Evaluate 122 - 128 - (2 + (-1 - 8)).
1
5 - (21 + 4 + -11 + -2)
-7
What is 3 + -11 + -1 + 5 + -1?
-5
(-1 - (-6 - 8)) + -6
7
Calculate (15 - (-2 + 4)) + (27 + -49 - -26).
17
Calculate -195 + 217 + (0 - -1).
23
Calculate -1 + 14 - (17 + -9).
5
What is the value of 8 - (16 - (-2 - -7))?
-3
Evaluate 17 - ((5 - -1) + (-5 - -13) + -8).
11
-2 + 7 + (-11 - 3)
-9
Calculate (-3 - (-3 + 4)) + (19 - (11 + 5)).
-1
What is the value of -3 + (-43 + -38 + 73 - (-10 + 1))?
-2
-209 - -188 - ((-14 - -1) + 3)
-11
What is -2 + 1 - (-22 + (-12 - -13))?
20
-682 - -707 - (0 + -1 - (12 + -4))
34
Calculate 5 + -6 + 22 + -7 + -5 + -2.
7
Calculate (-262 - -249) + 32 + 4.
23
Calculate 13 + (1 - 0) - (21 - 1 - 17).
11
Calculate -79 + 20 + 28 - (-21 + 8).
-18
What is the value of 0 + 15 + (-8 - (-18 - -16))?
9
What is the value of (2 - 6) + (36 - 40)?
-8
-1567 - -1573 - (-1 + 2 + -1)
6
Evaluate 0 + 2 + (-13 - -22 - 24).
-13
11 + 1 + -10 + 5
7
What is the value of 7 - (18 + (-19 - 0)) - (1 - -8)?
-1
What is the value of (-38 + 32 - (-2 + -36)) + (2 - 9)?
25
Evaluate 6 - ((-4 - (1 + -4 + 4)) + -3).
14
-8 + 6 - -21 - 10 - (18 + 4)
-13
Calculate (8 - 6) + (4 - 6).
0
What is -4 + 8 + -1 + 4 + -12?
-5
Evaluate 2 + -5 + -4 + (1 - (3 + 0)).
-9
Evaluate 1 + (2 - (4 - -7) - 15).
-23
What is the value of -1 + -1 + 2 + -1 - (-16 + 24)?
-9
Evaluate -11 + (-15 - (5 - 0 - 13)).
-18
2 - (7 + 24 + -20)
-9
What is (-4 + 12 - 25) + -3?
-20
What is the value of 2 - 3 - (40 + -38) - 5?
-8
Calculate -3 + 35 - (-5 + 11 - (-19 + 16)).
23
Calculate 4 + (1 + -11 - -8) + -2 - 5.
-5
Calculate (3 - (-5 + 1 + 0)) + -27 - -6.
-14
31 + -39 - ((-1 - -3 - 0) + -4)
-6
65 - 73 - (-4 + 3)
-7
What is 6 + (-14 - -22) - 29?
-15
What is the value of 0 + 0 + (-32 - (19 + -47)) - -8?
4
Calculate -20 + -2 - 0 - (-125 + 120).
-17
What is the value of (-3 - 3) + -4 + (2 - 1) + -6?
-15
Calculate -8 + (1 - 1 - (-22 + (-19 - -44))).
-11
Evaluate -31 - -1 - 3 - -18.
-15
3 + -17 + (4 - 4)
-14
What is (-1 - (1 + -6)) + -125 + 130 + -7?
2
What is -2 + (0 - (-27 + 13 - -39))?
-27
What is (-190 - -198) + -1 + -10 - -11?
8
What is the value of -33 + -2 - (-206 - -161)?
10
Evaluate 0 + 1 + -1 + 8 - -14.
22
What is the value of 15 + -34 - (-9 + -3)?
-7
Calculate 17 - (-10 + (2 - (-8 + 9)) + 11).
15
(-2 - (-1 + 4 - 11)) + -6
0
What is 0 + -2 + -2 + (5 - 19 - -10)?
-8
What is 50 - (51 - (-28 - -54))?
25
Evaluate -2 - -2 - 5 - -8 - -21.
24
-3 - (-38 - -22) - 26
-13
(-192 - -152) + (32 - 1)
-9
Evaluate -5 + (-3 - -10) + (-3 - (-5 + -4)).
8
What is the value of (9 - 2) + (4 - (5 + -12))?
18
3 + (6 - 3) - 5
1
(-11 - -48) + (-2 - 4)
31
Evaluate 11 - (-33 + 98 + -47).
-7
Calculate -19 + (37 - 17) - 18.
-17
What is the value of -78 + 71 - ((21 - 0) + -2)?
-26
Calculate 6 + -36 + 14 + -1 + 11.
-6
What is the value of -7 + 38 + (-141 - -109)?
-1
Calculate -106 + (100 - -7) - ((0 - 0) + 27).
-26
What is 1 - -2 - (-4 + 3) - (-163 + 188)?
-21
What is the value of 4 - ((-4 - 11) + 14 - (-2 - 16))?
-13
(19 - 22) + -7 + -4
-14
-1 + (1 - (0 + -1 + -4)) - -19
24
What is the value of 5 + (-3 - 5) + (-4 - (1 - 9))?
1
Calculate (-6 - -13) + 0 + -5.
2
16 + (2 - (-36 - -59))
-5
Evaluate (5 - -10 - (19 + -9)) + 9.
14
What is the value of (-2 - (2 - 10)) + 54 + -58?
2
-17 + 7 - (-36 + 9 + 4)
13
0 + -12 + 2 + 5
-5
What is 3 - (15 + -7) - (3 + -4) - -28?
24
Calculate (3 - 13) + 7 + 1 + (-9 - 1).
-12
What is the value of 6 + 3 + (15 - (10 + -1)) + 9?
24
3 - (-2 + (-12 - (-8 + 0)))
9
What is the value of 12 - -1 - (9 + -2)?
6
What is the value of 14 + 1 - (5 - (-4 - -3 - -10))?
19
Calculate -4 + (6 - (-7 + 15 - 17)).
11
Calculate 14 + 8 - 24 - (5 + -6).
-1
What is the value of -4 + 6 + 2 + (-10 - (5 + -5))?
-6
Evaluate 26 - (-4 + (1 - -11) + 0) - 9.
9
Evaluate -32 - (-7 + (-4 - -9)) - (-13 - -5).
-22
What is the value of 20 + (-38 - -12) - (-9 - -1)?
2
-270 - -279 - (18 + (-3 - -2))
-8
Evaluate 16 - (15 + -4) - 12.
-7
What is the value of -29 - -23 - (4 + 9 - 4)?
-15
What is the value of -1 - -11 - (11 + 8)?
-9
Calculate (536 - 526) + (-1 - (-8 + -2)).
19
What is -26 + 7 - -16 - (1 + -6)?
2
What is the value of (-1 - -40) + -5 + 6 + -93 + 82?
29
Calculate 41 + (26 - (-22 + 75)).
14
Calculate -3 + 5 + -5 + 2 + -163 + 154.
-10
What is the value of 43 + -13 - (1 + 57)?
-28
Evaluate 5 + 1 + 8 + -12 + 5.
7
-13 + 0 - ((2 - 5 - -9) + -8)
-11
-10 - (2 + 5) - -17
0
Evaluate (7 + -3 - -3) + -6 + -5.
-4
-3 - (-1 - (17 + 3 + -8)) - 12
-2
Evaluate -5 - (10 - ((-3 - -7) + 5)) - -30.
24
What is -1 + -7 - -7 - (-2 + 1)?
0
Evaluate 9 - (0 + 1 + -4 - (9 - 17)).
4
What is the value of 1 + (21 - 4 - 15)?
3
What is 36 + -102 - -33 - -19?
-14
What is (0 - 19) + (33 - 7)?
7
What is 14 - (0 + 7 + (71 - 70))?
6
What is -7 - (13 - 28 - -12)?
-4
Calculate -18 + (-14 - (-17 - 57)) - 12.
30
-25 - 0 - (-79 - -60)
-6
What is the value of -16 + (11 - 16) + 15?
-6
What is the value of (-192 - -216) + (-22 - -1)?
3
What is the value of (-2 + (2 - 1) - -1) + 66 + -68?
-2
What is 21 - ((8 - 15) + (1 + 1 - -12))?
14
Evaluate -1 + -2 - (113 + -54 - 87).
25
What is 14 + -17 + 3 + (-15 - -4)?
-11
Calculate (119 - 110) + (-16 - 2).
-9
6 + (-21 + 22 - (-4 + 25))
-14
Evaluate (-11 - -6 - -1) + 15 + -8 - -16.
19
What is 6 + (2 - 7) - (-25 - -13)?
13
0 + 8 - (-29 + 23 + 13)
1
7 - ((9 + -8 - -4) + 0)
2
What is -6 + (14 + 27 - 23)?
12
What is -1 - ((-16 - -15) + (-1 - -4) + 4)?
-7
Calculate -5 + 7 + (-15 - (-3 + (-2 - -12))).
-20
(-1 - (-9 + -3)) + -537 + 532
6
What is 9 - (2 - -1 - (1 - (-21 - -25)))?
3
What is 4 + 3 - (1 